n factor of 105 and m.
15
Let b(h) = -68*h - 728. Let p be b(-11). Let k be 2 - 3/(3/(-38)). Calculate the greatest common divisor of p and k.
20
Let z = 25 - 38. Let y(u) = -u - 14. Let g be y(z). Let h(p) = 23*p**2 - p - 1. Let a be h(g). Calculate the highest common factor of a and 184.
23
Let w(z) = 22*z - 208. Let a be w(10). Let u = 2 + -2. Suppose -180 = -u*i - 5*i. What is the greatest common divisor of i and a?
12
Let o be ((-42)/8 - 1 - -4)*-4. What is the highest common divisor of o and 225?
9
Suppose 1232 = -i + 15*i. Let v = i + 2. Let b(h) = 2*h**2 + 2. Let k be b(2). Calculate the highest common divisor of v and k.
10
Let x = 149 + -131. Let r(s) = -s**3 + 10*s**2 - 8*s + 9. Let b be r(9). Calculate the greatest common factor of b and x.
18
Let q be -2 + -1 - (4 - -6). Let t = q - -19. Calculate the greatest common divisor of 2 and t.
2
Let d = 21 - -3. Suppose -3*x = 3*t + 54, 0 = -3*t - 5*x - d - 36. Let r = t - -29. What is the highest common factor of 14 and r?
14
Let u be (-860)/6 - 2/(-6). Let t be (-2)/(-3) + u/(-33). What is the greatest common divisor of 50 and t?
5
Let r(o) = o + 42. Let q be r(-6). Calculate the greatest common divisor of 60 and q.
12
Suppose 0 = -3*o - 1 + 22. Let b = 213 - 126. Let c = -38 + b. What is the greatest common factor of o and c?
7
Suppose -6 = -3*h - 21. Let q(d) = d**2 - d - 3. Let v be q(h). Suppose -3 - v = -3*y. Calculate the highest common divisor of 110 and y.
10
Let z be (27/8)/(51/272). What is the greatest common divisor of z and 114?
6
Suppose -58*u = -53*u - 615. Calculate the highest common divisor of u and 3075.
123
Let y = 145 - 90. Let v be y/(5/(4 + 1)). Calculate the greatest common factor of 11 and v.
11
Let i be 0 + -5 - 5/(-6 + 11). Let z be ((-136)/6)/((-1)/i*-4). Let h be -51*(-1 - 0)/1. What is the greatest common divisor of h and z?
17
Let m = -6 + 44. Let g = 64 - m. Let b = 30 - g. What is the greatest common factor of b and 20?
4
Let d = 0 - 3. Suppose -f - 2*r - 3 = 3*r, 4*f + r = 7. Let u be (-530)/(-15) - f/d. Calculate the greatest common factor of 6 and u.
6
Let b(r) = 4*r + 2 - 15*r + 8*r - 1. Let f be b(-1). Calculate the highest common factor of f and 76.
4
Let j(m) = 6 + 3*m - 20*m + 10 - 18. Let z be j(-1). Calculate the highest common factor of 135 and z.
15
Let q = 180 + -157. What is the highest common divisor of 713 and q?
23
Suppose 24*l - 840 = 168. What is the greatest common divisor of l and 1218?
42
Suppose 6*c - 1489 = 1103. Calculate the highest common divisor of 27 and c.
27
Let w(m) = -5*m - 26. Let k be w(-6). Let x be k/(-5) + 4745/25. Let a = 45 - 24. Calculate the greatest common factor of a and x.
21
Let y(q) = 48 - 17 - q - 17. Let x be y(-23). Calculate the greatest common divisor of 185 and x.
37
Suppose 0 = -b + 6*z - z + 152, -4*b + 680 = -2*z. What is the highest common divisor of b and 12?
4
Let c(k) = 3*k**2 + 11*k - 2. Let w be c(-5). Suppose 27 = 3*y - w. Calculate the greatest common factor of 30 and y.
15
Suppose -100*x - 1 = -101*x. Suppose 3*v = 5*v - 10. Calculate the highest common divisor of x and v.
1
Let u be (-3 + 6/10)*-5. Let l = -538 - -568. Calculate the highest common divisor of u and l.
6
Let w(g) = g**3 + 6*g**2 - 12*g - 49. Let c be w(-3). Let m = 98 - -14. Calculate the greatest common divisor of c and m.
14
Suppose 4*n + n - y - 10 = 0, 10 = -5*n - 3*y. Let c be 224/(-21)*(-18)/(2/n). Calculate the greatest common divisor of 6 and c.
6
Suppose 3 - 15 = w + 3*a, 3*w + 8 = 5*a. Let i be (w/4)/(36/(-48)). Suppose 24 + 0 = 4*n. Calculate the greatest common divisor of i and n.
2
Let t(f) = 11*f - 132. Let n be t(14). Suppose 4*a - 484 = -176. Calculate the greatest common divisor of n and a.
11
Suppose 0 = x - 1 - 2. Let t = -7 - -15. Suppose -3*s - t*f + 4*f = -45, -5*f + 48 = x*s. Calculate the greatest common factor of s and 44.
11
Suppose 61*i = 56*i + 2450. Calculate the highest common factor of i and 70.
70
Suppose 3*q = -4*m + 23 - 2, 4*m - 3*q - 51 = 0. Suppose -5*t + m*t = 104. Calculate the highest common divisor of t and 65.
13
Suppose -3*y - y = 3*k - 117, -15 = -5*k. Suppose 4*u - 3*u = 3*t - 893, -4*t + 1184 = 2*u. What is the highest common factor of y and t?
27
Suppose 3*o - 10 = y, -4*o + 28 = y - 6*y. Let q be o/((-8)/40*10/(-108)). Calculate the greatest common divisor of q and 18.
18
Let k(w) = -10*w - 15. Let u be k(-3). Suppose 3*t + 5*i + 10 = -0*t, t = 2*i + 4. Suppose t = 5*d - u - 0. What is the highest common factor of 24 and d?
3
Let h = -36 - -70. Let i = -24 + h. What is the greatest common factor of i and 40?
10
Let m = -5154 - -5155. Let s be -1*(0 - -7)*-1. Calculate the highest common factor of m and s.
1
Let p = -35 + 69. Suppose 26 + p = 2*b. Let j = -35 + 41. What is the greatest common factor of b and j?
6
Suppose b = -4 + 9. Suppose -b*y + 220 = -0*y. Suppose -110 = -8*g + 3*g. Calculate the highest common factor of y and g.
22
Suppose w = -14 + 46. Suppose 3*y = 9, 8 = -2*z - y + 5*y. Suppose -6*n + w = -z*n. Calculate the highest common divisor of n and 20.
4
Let x(z) = z**2 - 10*z + 41. Let q be x(7). Suppose -4*n + 104 = -76. Let g = n - 25. Calculate the greatest common factor of q and g.
20
Let h = -32 - -35. Suppose h*r = 42 + 30. Calculate the greatest common divisor of r and 8.
8
Suppose -1 + 126 = c. Calculate the highest common factor of c and 225.
25
Let s(m) = m**3 + 10*m**2 - 4*m - 10. Let j be s(-10). What is the greatest common divisor of 50 and j?
10
Let g = -276 - -287. Calculate the greatest common factor of 55 and g.
11
Suppose -6*b + 3*b + 16 = 5*g, -4*b = 12. Suppose -m + 36 = 4*j - 152, -j = g*m - 28. Calculate the greatest common factor of 80 and j.
16
Suppose -36*z - 577 = -2557. Calculate the greatest common divisor of 125 and z.
5
Let p = -11 + 16. Suppose 3*u + p = 8*u. Suppose 3*o - 4*x + 2*x = u, 2*x - 6 = -4*o. What is the highest common divisor of 1 and o?
1
Suppose -2*y + 308 = -3*d, 4*y = -d - 3*d + 656. Let f be 24/5*y/48. Calculate the greatest common factor of f and 64.
16
Let v be -10 + -2 - (0 + -4). Let a = 52 + -36. Let y = a + v. What is the highest common divisor of 32 and y?
8
Suppose -29 = -5*d - 3*b, -5*d - 6*b + 2*b = -32. Suppose 0 = -0*n + d*n - 56. Calculate the highest common divisor of n and 21.
7
Let f be (-1 + -23)*5/(-15). Let a = 10 - f. Suppose -7*t + 443 = -3*t - 3*w, -3*t - a*w + 328 = 0. Calculate the highest common divisor of t and 10.
10
Suppose -45 = 2*w - 315. Suppose -4*a + w = a. Suppose -4*p = -104 - 4. What is the highest common factor of p and a?
27
Suppose 0 = -5*j + 3*b + 160, 4*b - 165 = -4*j - 37. Calculate the highest common divisor of j and 10.
2
Let i(g) = -2*g - 11. Suppose n - 3*n - 22 = -4*r, 5*r = -3*n - 22. Let u be i(n). Calculate the greatest common factor of u and 77.
7
Let i be 2/10 - (-7)/(-35). Suppose i*d = -4*d + 16. Suppose d*p - 2 = 6. What is the highest common factor of 8 and p?
2
Let u be (12/(-10))/((-1)/(130/3)). Suppose 1072 = 5*q + u. Calculate the highest common divisor of 12 and q.
12
Suppose -10*a + 257 = -373. Suppose -36 = -2*h - 2*h. What is the greatest common divisor of a and h?
9
Let g(s) = 3*s**3 + s**2 - 1. Let u be g(1). Let w = -148 + 153. Suppose -u*b - 272 = -w*b. What is the highest common divisor of 17 and b?
17
Let a be (6/(-9))/(3/9). Let m(w) = w**3 + 3*w**2. Let i be m(a). Suppose 5*r = c + 528, 5*r - 2*r + i*c = 303. What is the highest common factor of 42 and r?
21
Suppose -b - v + 7 = 3, b + 5 = -4*v. Let a(r) = -r**3 + 10*r**2 - 6*r + 5. Let o be a(4). What is the greatest common divisor of b and o?
7
Let l be 2 + (-25 + 7 - 1*-1). Let i be 516/10 + -2 + (-36)/l. What is the greatest common divisor of 26 and i?
26
Let u = 219 + -183. Suppose -3*f + 240 = f. Calculate the greatest common divisor of u and f.
12
Let r = 48 - 45. Let w be 2 - (-1 - (3 - r) - 21). What is the greatest common factor of w and 168?
24
Let x = -147 + 149. Suppose -v - 3*v + 4 = 0. What is the highest common factor of x and v?
1
Suppose 0 = 25*v - 0*v + 105 - 330. Let y(t) = -9*t. Suppose -m - 2 = m. Let q be y(m). What is the highest common factor of q and v?
9
Let q = 5 - -20. Suppose -4*h + q = h. Suppose -4 = h*i - 34. What is the greatest common divisor of i and 48?